e remainder when 1901 is divided by 36.
29
Calculate the remainder when 27 is divided by 18.
9
What is the remainder when 569 is divided by 19?
18
Calculate the remainder when 157 is divided by 54.
49
Calculate the remainder when 18486 is divided by 138.
132
Calculate the remainder when 78 is divided by 36.
6
Calculate the remainder when 238 is divided by 22.
18
What is the remainder when 16864 is divided by 18?
16
What is the remainder when 108 is divided by 5?
3
Calculate the remainder when 1111 is divided by 277.
3
Calculate the remainder when 260 is divided by 28.
8
Calculate the remainder when 239 is divided by 20.
19
Calculate the remainder when 251 is divided by 79.
14
Calculate the remainder when 107 is divided by 25.
7
Calculate the remainder when 10809 is divided by 3596.
21
Calculate the remainder when 45 is divided by 28.
17
Calculate the remainder when 6209 is divided by 10.
9
Calculate the remainder when 131 is divided by 21.
5
Calculate the remainder when 103 is divided by 32.
7
What is the remainder when 3161 is divided by 14?
11
Calculate the remainder when 4399 is divided by 275.
274
What is the remainder when 131 is divided by 23?
16
What is the remainder when 2228 is divided by 12?
8
What is the remainder when 645 is divided by 50?
45
Calculate the remainder when 94 is divided by 7.
3
Calculate the remainder when 183 is divided by 53.
24
What is the remainder when 454 is divided by 228?
226
What is the remainder when 4701 is divided by 44?
37
Calculate the remainder when 1128 is divided by 21.
15
What is the remainder when 187 is divided by 49?
40
What is the remainder when 105 is divided by 14?
7
What is the remainder when 1270 is divided by 24?
22
Calculate the remainder when 319 is divided by 80.
79
What is the remainder when 548 is divided by 38?
16
Calculate the remainder when 106 is divided by 6.
4
Calculate the remainder when 937 is divided by 229.
21
Calculate the remainder when 257 is divided by 131.
126
What is the remainder when 1533 is divided by 16?
13
What is the remainder when 32 is divided by 18?
14
What is the remainder when 714 is divided by 27?
12
What is the remainder when 274 is divided by 69?
67
What is the remainder when 237 is divided by 64?
45
What is the remainder when 3076 is divided by 70?
66
What is the remainder when 134 is divided by 30?
14
What is the remainder when 5617 is divided by 10?
7
What is the remainder when 430 is divided by 4?
2
Calculate the remainder when 1210 is divided by 5.
0
What is the remainder when 5755 is divided by 57?
55
What is the remainder when 77 is divided by 59?
18
Calculate the remainder when 1886 is divided by 26.
14
What is the remainder when 186 is divided by 125?
61
Calculate the remainder when 37263 is divided by 29.
27
What is the remainder when 396 is divided by 20?
16
What is the remainder when 540 is divided by 66?
12
Calculate the remainder when 1536 is divided by 80.
16
What is the remainder when 964 is divided by 69?
67
Calculate the remainder when 181 is divided by 14.
13
Calculate the remainder when 104 is divided by 31.
11
Calculate the remainder when 512 is divided by 214.
84
What is the remainder when 1883 is divided by 919?
45
What is the remainder when 38 is divided by 7?
3
What is the remainder when 23 is divided by 9?
5
Calculate the remainder when 355 is divided by 119.
117
What is the remainder when 108 is divided by 47?
14
What is the remainder when 1199 is divided by 16?
15
What is the remainder when 52 is divided by 9?
7
Calculate the remainder when 144 is divided by 36.
0
Calculate the remainder when 524 is divided by 75.
74
What is the remainder when 205 is divided by 38?
15
What is the remainder when 791 is divided by 195?
11
What is the remainder when 303 is divided by 293?
10
What is the remainder when 116 is divided by 85?
31
Calculate the remainder when 20016 is divided by 26.
22
Calculate the remainder when 4564 is divided by 127.
119
What is the remainder when 171 is divided by 88?
83
What is the remainder when 40 is divided by 21?
19
Calculate the remainder when 2528 is divided by 110.
108
What is the remainder when 4217 is divided by 111?
110
What is the remainder when 95 is divided by 40?
15
What is the remainder when 582 is divided by 209?
164
Calculate the remainder when 220 is divided by 159.
61
What is the remainder when 39678 is divided by 256?
254
What is the remainder when 395 is divided by 174?
47
Calculate the remainder when 565 is divided by 8.
5
What is the remainder when 5665 is divided by 27?
22
What is the remainder when 3816 is divided by 98?
92
What is the remainder when 109 is divided by 20?
9
What is the remainder when 558 is divided by 144?
126
What is the remainder when 5149 is divided by 7?
4
What is the remainder when 94 is divided by 6?
4
Calculate the remainder when 4419 is divided by 152.
11
Calculate the remainder when 4260 is divided by 21.
18
What is the remainder when 21700 is divided by 11?
8
Calculate the remainder when 672 is divided by 22.
12
Calculate the remainder when 707 is divided by 104.
83
Calculate the remainder when 2468 is divided by 247.
245
Calculate the remainder when 316 is divided by 78.
4
Calculate the remainder when 869 is divided by 15.
14
What is the remainder when 834 is divided by 76?
74
What is the remainder when 453 is divided by 29?
18
What is the remainder when 3433 is divided by 1714?
5
Calculate the remainder when 3558 is divided by 253.
16
What is the remainder when 6379 is divided by 10?
9
Calculate the remainder when 1490 is divided by 21.
20
Calculate the remainder when 154 is divided by 6.
4
What is the remainder when 575 is divided by 34?
31
What is the remainder when 1782 is divided by 176?
22
Calculate the remainder when 706 is divided by 175.
6
Calculate the remainder when 298 is divided by 120.
58
What is the remainder when 79 is divided by 20?
19
What is the remainder when 51 is divided by 19?
13
What is the remainder when 15 is divided by 13?
2
What is the remainder when 4768 is divided by 90?
88
Calculate the remainder when 2174 is divided by 13.
3
What is the remainder when 223 is divided by 52?
15
Calculate the remainder when 15658 is divided by 58.
56
Calculate the remainder when 230 is divided by 21.
20
What is the remainder when 1181 is divided by 17?
8
Calculate the remainder when 4097 is divided by 6.
5
Calculate the remainder when 125 is divided by 10.
5
What is the remainder when 361 is divided by 2?
1
What is the remainder when 916 is divided by 150?
16
What is the remainder when 259 is divided by 66?
61
Calculate the remainder when 384 is divided by 196.
188
Calculate the remainder when 24 is divided by 13.
11
Calculate the remainder when 158 is divided by 24.
14
Calculate the remainder when 65 is divided by 30.
5
What is the remainder when 696 is divided by 26?
20
Calculate the remainder when 85 is divided by 70.
15
Calculate the remainder when 2176 is divided by 30.
16
What is the remainder when 8720 is divided by 89?
87
Calculate the remainder when 3264 is divided by 142.
140
Calculate the remainder when 1532 is divided by 59.
57
What is the remainder when 87 is divided by 15?
12
What is the remainder when 42 is divided by 24?
18
Calculate the remainder when 768 is divided by 60.
48
Calculate the remainder when 310 is divided by 163.
147
What is the remainder when 137 is divided by 20?
17
Calculate the remainder when 774 is divided by 21.
18
Calculate the remainder when 89 is divided by 27.
8
Calculate the remainder when 318 is divided by 92.
42
What is the remainder when 83739 is divided by 53?
52
What is the remainder when 295 is divided by 44?
31
What is the remainder when 196 is divided by 68?
60
Calculate the remainder when 1122 is divided by 551.
20
Calculate the remainder when 569 is divided by 22.
19
What is the remainder when 4714 is divided by 23?
22
Calculate the remainder when 305 is divided by 3.
2
What is the remainder when 453 is divided by 99?
57
What is the remainder when 250 is divided by 111?
28
What is the remainder when 282 is divided by 272?
10
Calculate the remainder when 488 is divided by 29.
24
What is the remainder when 2 is divided by 2?
0
Calculate the remainder when 305 is divided by 62.
57
What is the rema